{"id":251,"date":"2026-03-30T22:09:09","date_gmt":"2026-03-30T22:09:09","guid":{"rendered":"https:\/\/xn--bjen-gra.dk\/?page_id=251"},"modified":"2026-04-18T18:47:47","modified_gmt":"2026-04-18T18:47:47","slug":"arrangementer-og-aabningstider","status":"publish","type":"page","link":"http:\/\/xn--bjen-gra.dk\/","title":{"rendered":"Arrangementer og \u00e5bningstider"},"content":{"rendered":"\n<p><a><strong>Vores fors\u00f8gsordning med<\/strong><\/a><\/p>\n\n\n\n<p><strong>&nbsp;S\u00f8ndags \u00e5bning, er desv\u00e6rre slut.<\/strong><\/p>\n\n\n\n<p><strong>S\u00f8ndag den 19.04.2026 er sidste alm. S\u00f8ndag vi har \u00e5bent.<\/strong><\/p>\n\n\n\n<p><strong>&nbsp;Der vil v\u00e6re specielle s\u00f8ndage hvor der vil v\u00e6re \u00e5bent.<\/strong><\/p>\n\n\n\n<p><strong>F\u00f8lg med p\u00e5 Facebook.<\/strong><\/p>\n\n\n\n<p><a><strong>Husk vi holder ferielukket i perioden<\/strong><\/a><\/p>\n\n\n\n<p><strong>5.juli indtil torsdag den 30.Juli.<\/strong><\/p>\n\n\n\n<p><strong>Hvor vi igen holder \u00e5bent torsdage<\/strong><\/p>\n\n\n\n<p><strong>17 \u2013 21 ?<\/strong><\/p>\n\n\n\n<p><strong>Fredage fra kl. 14.00 \u2013 22.00?<\/strong><\/p>\n\n\n\n<p><strong>L\u00f8rdage fra kl. 14.00 \u2013 22.00?<\/strong><\/p>\n\n\n\n<p><strong>Fredag &amp; L\u00f8rdag( til 01:30 Hvis det g\u00e5r godt )<\/strong><\/p>\n\n\n\n<p><strong>Mojn mojn vi ses p\u00e5 B\u00f8jen<\/strong><\/p>\n","protected":false},"excerpt":{"rendered":"<p>Vores fors\u00f8gsordning med &nbsp;S\u00f8ndags \u00e5bning, er desv\u00e6rre slut. S\u00f8ndag den 19.04.2026 er sidste alm. S\u00f8ndag vi har \u00e5bent. &nbsp;Der vil v\u00e6re specielle s\u00f8ndage hvor der vil v\u00e6re \u00e5bent. F\u00f8lg med p\u00e5 Facebook. Husk vi holder ferielukket i perioden 5.juli indtil torsdag den 30.Juli. Hvor vi igen holder \u00e5bent torsdage 17 \u2013 21 ? Fredage fra &hellip; <\/p>\n<p class=\"link-more\"><a href=\"http:\/\/xn--bjen-gra.dk\/\" class=\"more-link\">L\u00e6s videre<span class=\"screen-reader-text\"> &#8220;Arrangementer og \u00e5bningstider&#8221;<\/span><\/a><\/p>\n","protected":false},"author":1,"featured_media":0,"parent":0,"menu_order":1,"comment_status":"closed","ping_status":"closed","template":"","meta":{"footnotes":""},"class_list":["post-251","page","type-page","status-publish","hentry"],"_links":{"self":[{"href":"http:\/\/xn--bjen-gra.dk\/index.php\/wp-json\/wp\/v2\/pages\/251","targetHints":{"allow":["GET"]}}],"collection":[{"href":"http:\/\/xn--bjen-gra.dk\/index.php\/wp-json\/wp\/v2\/pages"}],"about":[{"href":"http:\/\/xn--bjen-gra.dk\/index.php\/wp-json\/wp\/v2\/types\/page"}],"author":[{"embeddable":true,"href":"http:\/\/xn--bjen-gra.dk\/index.php\/wp-json\/wp\/v2\/users\/1"}],"replies":[{"embeddable":true,"href":"http:\/\/xn--bjen-gra.dk\/index.php\/wp-json\/wp\/v2\/comments?post=251"}],"version-history":[{"count":2,"href":"http:\/\/xn--bjen-gra.dk\/index.php\/wp-json\/wp\/v2\/pages\/251\/revisions"}],"predecessor-version":[{"id":270,"href":"http:\/\/xn--bjen-gra.dk\/index.php\/wp-json\/wp\/v2\/pages\/251\/revisions\/270"}],"wp:attachment":[{"href":"http:\/\/xn--bjen-gra.dk\/index.php\/wp-json\/wp\/v2\/media?parent=251"}],"curies":[{"name":"wp","href":"https:\/\/api.w.org\/{rel}","templated":true}]}}

Arrangementer og åbningstider

<p><a><strong>Vores forsøgsordning med</strong></a></p>



<p><strong>&nbsp;Søndags åbning, er desværre slut.</strong></p>



<p><strong>Søndag den 19.04.2026 er sidste alm. Søndag vi har åbent.</strong></p>



<p><strong>&nbsp;Der vil være specielle søndage hvor der vil være åbent.</strong></p>



<p><strong>Følg med på Facebook.</strong></p>



<p><a><strong>Husk vi holder ferielukket i perioden</strong></a></p>



<p><strong>5.juli indtil torsdag den 30.Juli.</strong></p>



<p><strong>Hvor vi igen holder åbent torsdage</strong></p>



<p><strong>17 – 21 ?</strong></p>



<p><strong>Fredage fra kl. 14.00 – 22.00?</strong></p>



<p><strong>Lørdage fra kl. 14.00 – 22.00?</strong></p>



<p><strong>Fredag &amp; Lørdag( til 01:30 Hvis det går godt )</strong></p>



<p><strong>Mojn mojn vi ses på Bøjen</strong></p>

<p>Vores forsøgsordning med &nbsp;Søndags åbning, er desværre slut. Søndag den 19.04.2026 er sidste alm. Søndag vi har åbent. &nbsp;Der vil være specielle søndage hvor der vil være åbent. Følg med på Facebook. Husk vi holder ferielukket i perioden 5.juli indtil torsdag den 30.Juli. Hvor vi igen holder åbent torsdage 17 – 21 ? Fredage fra &hellip; </p>
<p class="link-more"><a href="http://xn--bjen-gra.dk/" class="more-link">Læs videre<span class="screen-reader-text"> &#8220;Arrangementer og åbningstider&#8221;</span></a></p>
